 of n?
2
Let q(y) = -y + 19. Suppose -2*k - 4*k = 0. What is the tens digit of q(k)?
1
Let i be 11 + -3 - (-1 + 4). What is the units digit of (-40)/(-2)*(i - 4)?
0
Suppose 22 - 2 = 5*n. Let b be (5/10)/(2/n). Let c = b - -1. What is the units digit of c?
2
Suppose 275 = -3*z + 440. What is the tens digit of z?
5
Let t = -2 + -1. Suppose 5*g + 12 + 3 = 0. What is the units digit of (g + (2 - 1))*t?
6
What is the units digit of ((-2)/(-2))/((-15)/(-390))?
6
Let i(h) = h**2 + 2*h + 2. Let o be i(-3). Suppose 3*g + g + r - o = 0, 5*g - 7 = -r. Suppose -v - g*v = -12. What is the units digit of v?
4
Let o(m) = -m**3 + 3*m**2 + 2*m - 2. Let r = -5 - -4. Let a be r/3 - 10/(-3). What is the units digit of o(a)?
4
Let m(z) = -z**3 - 14*z**2 + 7*z - 50. What is the units digit of m(-15)?
0
Let i = 6 + -48. Let p = i + 79. What is the units digit of p?
7
Suppose -9*z + 6*z + 90 = 0. Suppose -b + z = 5. What is the tens digit of b?
2
Suppose -124 = -2*d + 4*x, 0 = -4*d - 5*x + x + 248. What is the units digit of d?
2
Suppose -4*q + 8 = -2*y, 4*y + 7 = 8*q - 3*q. Let c(h) = 6*h**y + 6*h - 5*h**2 + 4 + 0*h. What is the units digit of c(-6)?
4
Let h be 2/((-8)/(-132)) + 2. Suppose 5*o - 40 = h. What is the tens digit of o?
1
Let j = -10 + 7. What is the tens digit of (-4)/((-12)/j) + 24?
2
Suppose -4*v + 6*v - 232 = 0. What is the units digit of v?
6
Suppose 0*w - 3*l = w + 9, -4 = w - 2*l. Let u = -8 - w. Let v = 2 - u. What is the units digit of v?
4
Let m(l) = 2*l**3 - 7*l**2 + 6*l + 20. What is the hundreds digit of m(6)?
2
Let a(h) = -h - 3*h + 7 + 5*h + 0*h. Let i be a(-5). Suppose -2*y - 3*n = 0, y = -i*n - 3 + 2. What is the units digit of y?
3
Let w(l) = l**3 - 16*l**2 - 18*l + 17. Let o be w(17). Let u = -9 - -19. Suppose c - u = -2*v, 0 = c - o*v + 3*v - 11. What is the units digit of c?
8
Let g be (-5 - -7)/(0 + -2). Let a be (-15)/(-18) + g/(-6). What is the units digit of (-3 + 2)*-7*a?
7
What is the units digit of (-2*1/5)/(18/(-10350))?
0
Let r = -14 - -20. What is the units digit of ((-4)/r)/(4/(-84))?
4
Suppose 4*k = 6*k - 74. What is the tens digit of k?
3
Let x be 10/(-3) + (-6)/9. Let g be (-366)/(-18) + 1/(-3). Let j = x + g. What is the units digit of j?
6
Let n(c) = 2*c**3 - c**2 + 1. Let k be n(1). Let q be 1 - 0/(0 + -1). What is the units digit of k + q/1 + -1?
2
Suppose -5*g - j + 120 = 0, 4*j - 65 = -3*g + 2*j. What is the tens digit of g?
2
Let z be (-6)/(-8)*-2*6. What is the units digit of (0 + z/(-15))*5?
3
Suppose 3*r + 2*r = 0. Suppose 0*k + k + 2 = r. Let m = k - -9. What is the units digit of m?
7
Let n be (1 + -1)*3/6. Suppose n = h + j - 6, j - 1 = -0. What is the units digit of h?
5
Let i(c) = -c**2 + 14*c + 6. What is the tens digit of i(10)?
4
Let d(t) = 4*t - 9. Let i be d(6). What is the tens digit of i*3 - (-2 + 1)?
4
Let s(g) = -g - 13. Let o be s(-13). Let k = -3 + 8. Suppose 3*f = 2*a - 18, -k*a + 0*f - f + 45 = o. What is the units digit of a?
9
Let p(b) = -b**3 + 7*b**2 - 6*b - 2. Let u be ((-2)/4)/(1/(-12)). Let t be p(u). What is the units digit of -18*2/8*t?
9
Let b = 210 + -110. Suppose -k = 4*k - b. What is the units digit of k?
0
Suppose 0 = -4*q + 4*t + 4, -5*q + 2*t - 3*t + 29 = 0. Suppose -5*b + 17 + q = -k, 0 = -k - 2. What is the units digit of b?
4
Let r(f) = f**2 + 7*f + 2. Let g be 16/40 - (-224)/(-10). Let p = g - -15. What is the units digit of r(p)?
2
Let d(j) = j**2 - 6*j + 15. What is the tens digit of d(-12)?
3
What is the units digit of ((-102)/68)/(2*(-3)/344)?
6
Let l = -186 - -274. What is the units digit of l?
8
Let k be 16/40 - (-26)/10. Let y be (56/(-6) - 2)*k. What is the units digit of y/(-10) - (-6)/(-15)?
3
Suppose i + 2 - 4 = 0. Suppose 5*w = -6*p + i*p + 62, -45 = -3*w - 5*p. What is the units digit of w?
0
Let q = 8 + -13. Let l(f) = f + 5. Let x be l(q). Suppose x*d + d = 4. What is the units digit of d?
4
Let r be (-1 - 0)*2/(-1). Let d be ((-3)/2)/(3/(-8)). Let i = r + d. What is the units digit of i?
6
What is the units digit of (16/(-40))/(2/(-970))?
4
Let n(v) = v**2 + 8*v + 9. Let d be (-7)/1 - (-2)/(-1). What is the units digit of n(d)?
8
Let d be 20/6 + (-6)/(-9). Suppose -d*b + 4 + 12 = 0. Let v(j) = j**2 - 4*j + 1. What is the units digit of v(b)?
1
Let w(v) = -v**2 + 1. Let k(c) = -4*c**2 + 8*c - 3. Let d(t) = k(t) - 3*w(t). Let o be d(7). What is the tens digit of o + 0 + 8 + 1?
1
Let w(z) = -5*z + 82. What is the tens digit of w(0)?
8
Suppose 24 = -4*t + 124. Let c(a) = a**3 + a**2 + 3*a - 3. Let x be c(2). Let o = t - x. What is the units digit of o?
0
Let v be (-1 - 3/(-6))*0. Suppose 4*n - 2*s - 2*s + 8 = v, 4*n = -3*s + 6. Suppose n*x + 44 = 4*x. What is the units digit of x?
1
What is the tens digit of 900/48 + 1/4?
1
Suppose -2*t + 3*t + 243 = 4*i, 3*t = -9. Suppose -4*f - f = i. What is the units digit of f/(-7) + 2/7?
2
Suppose -3*n + 18 = -m, 2*n - 5*m + 30 = 7*n. Let d(l) = 2*l - 7. What is the units digit of d(n)?
5
Suppose 0*h + 27 = 3*h. Suppose -h - 27 = -4*d. What is the units digit of d?
9
Let j(a) = -a**2 - a. Let c be j(1). Let x = 5 + c. What is the units digit of x?
3
Let b(o) = o**3 + 4*o**2 - o - 1. Suppose -4*p = 6 + 2. What is the units digit of b(p)?
9
Let p be (-46)/(-10) + (-15)/25. Let h = 9 - p. Suppose -1 = i - h. What is the units digit of i?
4
Suppose -3 = 4*m - 23. Suppose 0 = m*k + 6 - 16. Suppose -w = k*a + 1, -23 = a + 4*w + w. What is the units digit of a?
2
Suppose 3*x - 8*x + 3*s + 297 = 0, 3*s + 69 = x. Let r be (-2)/(-4) - x/6. What is the tens digit of (23 - 1) + r/3?
1
Suppose -4*z = -5*g - 0 + 7, 0 = -3*g - z + 11. Let y be (-66)/18 + 2/g. What is the units digit of (-6)/(-10)*(-45)/y?
9
Let y = -3 + 112. What is the hundreds digit of y?
1
Let r be (2 + 0)/(2 + 0). Suppose -r = -2*z + 1. What is the units digit of z?
1
What is the units digit of -83 + 96 - (-2)/(4/6)?
6
Suppose -4*f + 9 = -3. Suppose -2*h - 12 = -2*g + 2*h, f*g = h + 8. Suppose -g*r - 3 = -11. What is the units digit of r?
4
Let r(f) = -2*f**3 - 3*f - 7. Let d(l) = -3*l**3 - 5*l - 13. Let i(b) = -3*d(b) + 5*r(b). What is the units digit of i(0)?
4
Let i be (-12)/10*(-25)/10. Let u = i + 0. What is the units digit of u?
3
Let k(c) = -c**3 - 7*c**2 + c + 5. Let s be k(-8). Let z = s + -37. What is the tens digit of z?
2
Suppose -192 = -4*f - 4. What is the tens digit of f?
4
What is the units digit of -4 + 4 + -2 + 85?
3
Suppose 0 = -f + 3 + 1. Let y(h) = h**3 - 2*h**2 - 3*h - 5. What is the tens digit of y(f)?
1
What is the units digit of 65*(-5)/((-100)/16)?
2
Let y = 6 + -9. Let c(l) = -1. Let k(u) = u + 7. Let b(f) = 3*c(f) + k(f). What is the units digit of b(y)?
1
Suppose -j - 3*j = 0. Suppose -3*v - 12 = -j*v. Let t = -2 - v. What is the units digit of t?
2
Suppose x + 3 = -1, -4*x = -4*w + 140. What is the tens digit of w?
3
What is the units digit of (-10)/15 - (-132)/9?
4
Let a(c) = c**2 + 6*c - 4. Let m be a(-7). Suppose 45 = 2*y - r, 0 = -2*y + 3*y + m*r - 12. What is the tens digit of y?
2
Let n(d) = -d**2 - 12*d + 15. Suppose -v - 12 = -0*v. What is the units digit of n(v)?
5
Let v be (-1)/((-3)/(-9)) - 11. Let i = 24 + v. What is the tens digit of i?
1
Let f be (-2)/(-8) - 550/(-8). Let n = f + -34. What is the units digit of (30/n)/(2/14)?
6
Let g(h) = h**3 + 3*h**2 - h. Let a be g(-2). Suppose -c + a = -6. What is the units digit of c?
2
Let r = -8 + 6. What is the tens digit of (3/(-4))/(r/48)?
1
Suppose 9 = 5*n - 4*x, 2*x + 3 = 3*n - 4. Let t = n - 5. Suppose 17 = 2*d - d - 3*y, 2*d - 4*y - 36 = t. What is the units digit of d?
0
Let i = -2 - -4. What is the units digit of 3/i - (-1)/(-2)?
1
Suppose 2 + 0 = f. Suppose 0 = -4*g + f*g + 42. What is the tens digit of g?
2
Suppose 0*o + 4*m = -o - 17, -5*m - 30 = 3*o. Let r be (3/o)/(2/(-10)). Suppose -2*s - s + 4*x = -23, -r*x + 4 = 2*s. What is the units digit of s?
5
Let p(i) = -i**3 + 8*i**2 + 9*i - 9. Let f be p(9). Let w = 46 + f. What is the tens digit of w?
3
Let z = -28 - -22. What is the tens digit of (4/z)/(16/(-1032))?
4
What is the tens digit of (-3 - -68) + 0 - 4?
6
Let y = -7 - -9. What is the units digit of (3 - y)/((-1)/(-4))?
4
Let r be 1/2 - 38/4. Let c = -3 - r. Suppose 2*u - 36 = -4*g + 4*u, -2*u + c = 2*g. What is the units digit of g?
7
Suppose -2*o = -5*o - 5